 2*i + 0*q - 18 = q. What is the greatest common divisor of i and 129?
3
Suppose -32 + 263 = 11*d. Calculate the greatest common factor of 35 and d.
7
Suppose 3 = 2*q - 9. Let o(s) = -q*s + 0*s + 0*s + 5*s**2 + 11 + s + s**3. Let h be o(-5). Calculate the highest common factor of 90 and h.
18
Let m(t) = -45*t**2 - 12 + 36 + t**3 + 28*t**2. Let l be m(17). What is the greatest common factor of 32 and l?
8
Suppose 7*b - 5 = 9. Suppose b = -z, -1 - 123 = -4*o + 2*z. Suppose x + o = 4*x. What is the highest common divisor of 70 and x?
10
Suppose -3*a + 3186 = 10*u - 7*u, a - 4*u = 1062. What is the highest common divisor of a and 18?
18
Suppose 4*g - 56 = 4*l, 64 = 5*g - 2*l - 0*l. What is the highest common divisor of g and 132?
12
Suppose -913 = -16*p + 239. Let d be 4/16 - (-70)/8. Calculate the highest common factor of p and d.
9
Let n(s) = -3*s - 13. Let d be n(-6). Suppose 39 - 14 = d*l. Calculate the greatest common factor of l and 20.
5
Let l be ((-65)/(-15) - 4)/((-1)/(-96)). What is the highest common factor of l and 4?
4
Suppose 3*d - 4*x - 86 = 0, 5*x = 2*d + 3*x - 54. Suppose 2*c + 12 = -2*b, -7 = 2*b + 3*c + 3. Let t = b + d. Calculate the highest common divisor of t and 112.
14
Suppose 3*r - 180 = -b, -5*r + 2*b + 300 = b. What is the highest common factor of r and 190?
10
Suppose 0 = 4*w - 8*w + 36. Let c = -29 - w. Let q be 1/2 - c/4. What is the highest common divisor of q and 10?
10
Suppose -3*f = 3*b - 21, 3*b - f + 2*f - 13 = 0. Suppose 4*n + 22 - 152 = 2*k, 120 = 3*n + b*k. Calculate the highest common divisor of 7 and n.
7
Suppose -2*w - 4*d + 344 = 0, 465 + 205 = 4*w - d. Calculate the highest common divisor of 126 and w.
42
Suppose -r + 4 = -2*r. Let t be ((-66)/12)/(2/r). Let i = t - -1. Calculate the greatest common divisor of i and 6.
6
Let s(i) = 2*i**2 - 2*i - 12. Suppose 3*w = 7 + 8. Let t be s(w). Calculate the greatest common divisor of 14 and t.
14
Suppose 22 = -3*v - 17. Let o = -12 - v. Suppose -4*s = -r + 23, 3*r + 0*r = -5*s + o. Calculate the highest common factor of r and 35.
7
Let v(g) = -g + 23. Let f be v(-5). Calculate the greatest common divisor of 28 and f.
28
Let v(r) = r**2 + 5*r + 8. Let f be v(8). Suppose 0*x + 165 = -5*x. Let l be ((-22)/x)/((-2)/(-42)). Calculate the greatest common factor of f and l.
14
Let c(t) = 13*t - 3. Let s(f) = 9*f - 2. Let v(p) = 5*c(p) - 7*s(p). Let b be v(7). Let j = b - 10. Calculate the greatest common divisor of 15 and j.
3
Let d(p) = -3*p**3 - p**2 - 5*p. Let h be d(-3). Suppose -5*m + h = -78. Calculate the greatest common divisor of m and 22.
11
Let v(u) = -17*u - 5. Let z be v(-4). Let p be ((-64)/6)/((-2)/(-6)). Let s = 39 + p. What is the greatest common divisor of s and z?
7
Let m(h) = 2*h - 5*h + 7*h + 2*h**2 - 92*h**3 - 3*h. Let q be m(-1). Let k = 22 + q. What is the highest common divisor of k and 23?
23
Suppose -11 + 31 = 2*j. Let f be (-1 - -8) + (-3749)/(-23). What is the greatest common factor of j and f?
10
Suppose -2 = -5*h + 18. Let q(d) = 16*d - 548. Let b be q(37). What is the greatest common factor of h and b?
4
Let a be (-4)/(-28) - 251/(-7). Suppose a = 9*j - 7*j. Suppose 0*r = r - j. Calculate the greatest common factor of 72 and r.
18
Suppose 11*m - 401 - 787 = 0. What is the greatest common factor of m and 288?
36
Let p = -337 - -349. What is the highest common divisor of p and 300?
12
Let w = 13 + -9. Suppose 0 = -w*v - v + 4*s + 312, 243 = 4*v - s. What is the highest common factor of v and 20?
20
Suppose -2*p + 6 = p - 3*i, -3*i - 4 = -2*p. Suppose q + p*n = 3, q - 5 = 2*n - 2. Let g be -5 - -3 - (-8 - q). What is the greatest common divisor of g and 99?
9
Suppose -4*c + c - 12 = 0. Let p(o) = -6*o - 7. Let l be p(c). What is the highest common factor of 153 and l?
17
Suppose -5*d = -8*d + 18. Suppose 114 + d = 3*i. Calculate the greatest common divisor of i and 16.
8
Suppose 2*l - 266 = 46. What is the greatest common divisor of l and 12?
12
Let s = 488 + -389. Calculate the greatest common factor of 330 and s.
33
Let y be ((-84)/5)/((-2)/55). Suppose -21*u + 1321 = 439. Calculate the greatest common divisor of y and u.
42
Suppose 2*p + 2*l - 2504 = 0, 9*p - 2*l + 6266 = 14*p. What is the highest common factor of p and 33?
33
Suppose 29 = 2*j + 1. Let v(i) be the third derivative of i**5/60 - 7*i**4/12 + i**3/2 + i**2. Let y be v(j). What is the highest common factor of y and 33?
3
Suppose 0 = 2*k + 3*o + 141, 0 = -6*k + 5*k + 5*o - 103. Let p be 15/60 + k/(-8). Calculate the highest common factor of 30 and p.
10
Let v(b) = -b**2 - b - 1. Let u(s) = 6*s**2 + 3. Let r(w) = u(w) + v(w). Let h be r(3). Let z = h - -33. Calculate the greatest common divisor of z and 11.
11
Let w = -447 + 449. What is the greatest common divisor of w and 31?
1
Let p = 164 + -128. What is the greatest common factor of 648 and p?
36
Let l(m) = -2*m + 98. Let w be l(11). Calculate the greatest common factor of 570 and w.
38
Let s = 6 + -4. Let v(w) be the first derivative of 37*w**2/2 - 2*w - 62. Let z be v(s). Calculate the greatest common factor of z and 8.
8
Suppose -k + 40 = 19*k. Calculate the greatest common divisor of k and 74.
2
Suppose 3*z - 9 - 15 = 0. Suppose -z*o + 4 = -156. Calculate the highest common divisor of o and 70.
10
Suppose 315*v - 240 = 312*v. What is the greatest common factor of 128 and v?
16
Suppose 184 = -3*f - f. Suppose 51*l = 46*l - 330. Let w = f - l. What is the greatest common divisor of 50 and w?
10
Suppose 0 = -4*l + 16, -g + 2*l = -0*g + 63. Let p be (-450)/g + 2/(-11). Suppose -3*h + p*h - 150 = 0. Calculate the greatest common factor of 240 and h.
30
Let s(o) = 15*o**2 - 40*o + 274. Let f be s(11). Calculate the greatest common factor of f and 17.
17
Let r(s) = 4*s**2 - 12*s + 30. Let d be r(3). Calculate the highest common divisor of 255 and d.
15
Suppose 0 = 2*r - 5*i - 170 + 46, -2*r = -i - 124. Calculate the greatest common factor of r and 155.
31
Let f = 11 + -6. Suppose 5 = 3*v + 2*v, -4 = d - f*v. Let w be -110*(-1)/(1/d). Calculate the highest common divisor of w and 10.
10
Let y = -130 + 202. Suppose 0 = 4*o + 2*o - y. Let z be 2/(1 - 1/2). What is the highest common divisor of o and z?
4
Suppose -4*j - 4*z = -25 + 1, 0 = 5*z - 5. Suppose 7*p - 314 = -4*d + 5*p, -177 = -2*d - j*p. What is the highest common factor of d and 38?
38
Suppose 2*d + 7 - 13 = 0. Suppose -2 = -4*o - 2*r, 4*o - 10 = -r - d. What is the greatest common divisor of o and 7?
1
Suppose -65*p + 58*p = 259. Suppose -3*f - 4*n + 26 = -137, 2*n - 106 = -2*f. Let a = p + f. Calculate the highest common factor of 72 and a.
12
Suppose 5*p = 20 - 5. Suppose r + 5*g - 4 = -2, 0 = -p*r + 4*g + 25. What is the highest common divisor of 7 and r?
7
Suppose -3*q + 3 = 4*n, 2 + 3 = -4*n + 5*q. Suppose 3*j = -m - 0*j + 9, n = -2*m + 3*j. What is the greatest common divisor of 12 and m?
3
Let d = 12 + -10. Let x be (6/5)/(d/5). Suppose -3 = -x*r + 4*r, g = 2*r + 35. What is the greatest common factor of 261 and g?
29
Suppose -6*k = -12 - 6. Suppose -5*b - 87 = -k*q, 0 = -2*q - q + b + 99. What is the greatest common factor of 17 and q?
17
Let g = -400 - -449. What is the highest common divisor of g and 1?
1
Let y = 320 - 272. Calculate the highest common factor of y and 60.
12
Suppose -5*o - 126 = -2*v - 2*v, -3*o = -2*v + 62. Let j = 608 + -523. What is the highest common divisor of j and v?
17
Let k = -9 + 13. Let x be (k/3)/(1*3/54). Calculate the highest common factor of 9 and x.
3
Suppose 5*m - 9 = 6. Suppose 5*n + 1 = -y + 24, 5*n - m*y = 11. Let v(c) = c + 5. Let l be v(n). What is the greatest common divisor of l and 63?
9
Let t(v) = -v**3 - 14*v**2 - 17*v + 3. Let d(b) = -b**2. Let k(j) = -6*d(j) - t(j). Let h be k(-19). Calculate the greatest common divisor of 7 and h.
7
Let y = -7 - -10. Calculate the greatest common factor of y and 3.
3
Let b(y) = -739*y - 11. Let l be b(-1). Suppose -13*w = -5*w - l. Calculate the greatest common divisor of w and 13.
13
Let x = -2 - -7. Let l be 2/(-7) - (-108)/(-63). Let d be (l/7)/(9/(-63)). Calculate the greatest common factor of x and d.
1
Let u(d) = d**3 - 6*d**2 + 3*d - 6. Let o be u(6). Calculate the greatest common divisor of o and 84.
12
Suppose 0 = -0*m + 6*m - 126. Suppose 0 = -0*v - v + 7. Calculat